
What is the tens digit of 4703?
0
What is the thousands digit of 32777?
2
What is the hundreds digit of 4252?
2
What is the thousands digit of 17398?
7
What is the units digit of 127544?
4
What is the tens digit of 1445?
4
What is the units digit of 10333?
3
What is the units digit of 375?
5
What is the thousands digit of 22865?
2
What is the thousands digit of 1851?
1
What is the units digit of 33229?
9
What is the hundreds digit of 30656?
6
What is the units digit of 4786?
6
What is the thousands digit of 1166?
1
What is the tens digit of 4560?
6
What is the ten thousands digit of 17302?
1
What is the tens digit of 2034?
3
What is the ten thousands digit of 64726?
6
What is the tens digit of 79922?
2
What is the units digit of 60797?
7
What is the tens digit of 1399?
9
What is the units digit of 4161?
1
What is the tens digit of 13479?
7
What is the tens digit of 38460?
6
What is the units digit of 11258?
8
What is the hundreds digit of 12508?
5
What is the tens digit of 317?
1
What is the tens digit of 244?
4
What is the thousands digit of 10144?
0
What is the hundreds digit of 42190?
1
What is the hundreds digit of 880?
8
What is the ten thousands digit of 23852?
2
What is the thousands digit of 142208?
2
What is the hundreds digit of 3213?
2
What is the ten thousands digit of 94397?
9
What is the units digit of 65482?
2
What is the thousands digit of 92604?
2
What is the units digit of 66502?
2
What is the thousands digit of 1529?
1
What is the thousands digit of 1798?
1
What is the tens digit of 42339?
3
What is the thousands digit of 1446?
1
What is the hundreds digit of 45271?
2
What is the ten thousands digit of 133299?
3
What is the tens digit of 3993?
9
What is the thousands digit of 7402?
7
What is the units digit of 3135?
5
What is the hundreds digit of 7332?
3
What is the units digit of 16491?
1
What is the hundreds digit of 35328?
3
What is the units digit of 24201?
1
What is the thousands digit of 3976?
3
What is the tens digit of 172?
7
What is the units digit of 17253?
3
What is the units digit of 14429?
9
What is the hundreds digit of 1293?
2
What is the ten thousands digit of 10687?
1
What is the hundred thousands digit of 123820?
1
What is the units digit of 567?
7
What is the tens digit of 300?
0
What is the hundreds digit of 30307?
3
What is the ten thousands digit of 26584?
2
What is the thousands digit of 23867?
3
What is the thousands digit of 1764?
1
What is the units digit of 10782?
2
What is the units digit of 5893?
3
What is the hundreds digit of 28049?
0
What is the units digit of 17951?
1
What is the tens digit of 513?
1
What is the hundreds digit of 56210?
2
What is the units digit of 5605?
5
What is the hundreds digit of 27657?
6
What is the tens digit of 23048?
4
What is the tens digit of 574?
7
What is the ten thousands digit of 25274?
2
What is the units digit of 1612?
2
What is the units digit of 116530?
0
What is the units digit of 30637?
7
What is the tens digit of 10845?
4
What is the hundreds digit of 2508?
5
What is the units digit of 1177?
7
What is the tens digit of 3205?
0
What is the units digit of 154?
4
What is the thousands digit of 74050?
4
What is the hundreds digit of 61133?
1
What is the units digit of 19236?
6
What is the units digit of 349?
9
What is the units digit of 2288?
8
What is the thousands digit of 28467?
8
What is the tens digit of 953?
5
What is the tens digit of 104?
0
What is the thousands digit of 12756?
2
What is the hundreds digit of 28133?
1
What is the hundreds digit of 43274?
2
What is the thousands digit of 145081?
5
What is the ten thousands digit of 15954?
1
What is the tens digit of 1899?
9
What is the hundreds digit of 11169?
1
What is the units digit of 1403?
3
What is the ten thousands digit of 115923?
1
What is the tens digit of 10047?
4
What is the thousands digit of 33193?
3
What is the units digit of 9528?
8
What is the thousands digit of 13882?
3
What is the hundreds digit of 28524?
5
What is the hundreds digit of 14932?
9
What is the tens digit of 171529?
2
What is the tens digit of 729?
2
What is the ten thousands digit of 141442?
4
What is the tens digit of 407?
0
What is the hundred thousands digit of 167967?
1
What is the thousands digit of 8646?
8
What is the units digit of 17310?
0
What is the hundreds digit of 1871?
8
What is the tens digit of 674?
7
What is the tens digit of 2152?
5
What is the tens digit of 1724?
2
What is the thousands digit of 2025?
2
What is the thousands digit of 3628?
3
What is the hundreds digit of 2585?
5
What is the ten thousands digit of 11387?
1
What is the tens digit of 7188?
8
What is the thousands digit of 2425?
2
What is the tens digit of 16914?
1
What is the units digit of 858?
8
What is the units digit of 8571?
1
What is the tens digit of 559?
5
What is the units digit of 35?
5
What is the thousands digit of 44474?
4
What is the units digit of 787?
7
What is the hundreds digit of 12486?
4
What is the thousands digit of 1079?
1
What is the hundreds digit of 5745?
7
What is the thousands digit of 4135?
4
What is the thousands digit of 3054?
3
What is the units digit of 989?
9
What is the thousands digit of 1178?
1
What is the units digit of 2117?
7
What is the units digit of 25670?
0
What is the hundreds digit of 330?
3
What is the hundreds digit of 23071?
0
What is the tens digit of 2190?
9
What is the tens digit of 2619?
1
What is the hundreds digit of 51995?
9
What is the hundreds digit of 2601?
6
What is the units digit of 914?
4
What is the hundreds digit of 505?
5
What is the tens digit of 60748?
4
What is the thousands digit of 1663?
1
What is the hundreds digit of 58890?
8
What is the ten thousands digit of 24725?
2
What is the thousands digit of 50943?
0
What is the tens digit of 9138?
3
What is the thousands digit of 2383?
2
What is the units digit of 29181?
1
What is the thousands digit of 3478?
3
What is the hundreds digit of 9661?
6
What is the thousands digit of 53990?
3
What is the thousands digit of 2705?
2
What is the tens digit of 2837?
3
What is the units digit of 34190?
0
What is the units digit of 799?
9
What is the tens digit of 6348?
4
What is the thousands digit of 54993?
4
What is the units digit of 9699?
9
What is the thousands digit of 1240?
1
What is the thousands digit of 2338?
2
What is the units digit of 14495?
5
What is the hundreds digit of 610?
6
What is the units digit of 171255?
5
What is the hundreds digit of 15383?
3
What is the tens digit of 1104?
0
What is the tens digit of 1704?
0
What is the hundreds digit of 25450?
4
What is the hundreds digit of 2113?
1
What is the tens digit of 1100?
0
What is the thousands digit of 2236?
2
What is the tens digit of 8345?
4
What is the units digit of 3418?
8
What is the units digit of 49705?
5
What is the tens digit of 35098?
9
What is the units digit of 3630?
0
What is the hundreds digit of 38465?
4
What is the tens digit of 8129?
2
What is the tens digit of 1214?
1
What is the tens digit of 23121?
2
What is the units digit of 5342?
2
What is the units digit of 619?
9
What is the hundreds digit of 1480?
4
What is the tens digit of 1195?
9
What is the units digit of 19351?
1
What is the tens digit of 65140?
4
What is the tens digit of 7916?
1
What is the tens digit of 9317?
1
What is the ten thousands digit of 47577?
4
What is the tens digit of 25550?
5
What is the tens digit of 6193?
9
What is the units digit of 88?
8
What is the units digit of 299?
9
What is the hundreds digit of 141?
1
What is the hundreds digit of 462?
4
What is the units digit of 857?
7
What is the hundreds digit of 37623?
6
What is the thousands digit of 5242?
5
What is the thousands digit of 63171?
3
What is the hundreds digit of 6343?
3
What is the hundreds digit of 13832?
8
What is the units digit of 2201?
1
What is the thousands digit of 4469?
4
What is the tens digit of 6234?
3
What is the hundreds digit of 476?
4
What is the units digit of 3380?
0
What is the tens digit of 576?
7
What is the units digit of 1297?
7
What is the hundreds digit of 1436?
4
What is the tens digit of 33500?
0
What is the hundreds digit of 2865?
8
What is the tens digit of 293?
9
What is the tens digit of 2346?
4
What is the ten thousands digit of 40359?
4
What is the units digit 